- 2040. What is the tens digit of m?
5
Suppose -15*r + 78638 = -176896 - 42906. What is the tens digit of r?
9
Let b(p) = 33*p**2 - 91*p + 1110. What is the hundreds digit of b(34)?
1
Let s(m) = 3*m**2 - 45 + 8*m - 64 + 2*m + 82. What is the tens digit of s(-8)?
8
Let s(b) = -67*b - 227. Let y be s(-41). What is the tens digit of (6*(-4)/28)/((-3)/y)?
2
Let p(x) = -155*x**3 + 4*x**2 + 17*x - 16. What is the tens digit of p(-4)?
0
Let n(s) = 6*s - 40. Let r be n(7). Suppose 2 = o + r*b - 8, -2*b = -2*o + 2. Suppose 5*x - 115 = o*x. What is the units digit of x?
5
Let m = -882 + 2074. Let s = -838 + m. What is the units digit of s?
4
Let v be 21/56 - 258/48. Let t(j) = -7*j**3 - 7*j**2 + 6*j - 7. What is the tens digit of t(v)?
6
Let j(o) = o**3 + o**2 + 1. Let u(v) = 3*v**3 + 15*v**2 - 17*v + 9. Let z(m) = -4*j(m) + u(m). What is the units digit of z(8)?
1
Let c(t) = -t**3 + 11*t**2 - 5*t - 10. Let i(z) = -z**3 - 3*z + 12 + 4*z - 4 - 14*z**2 - 14*z. Let p be i(-13). What is the units digit of c(p)?
2
Let k(v) = -5*v**2 + 2*v + 4. Let g be k(3). Let a be (-24)/84 - (0 - 380/7). Let l = a + g. What is the tens digit of l?
1
Let d(u) = -5*u + 41. Let l be (-8)/2*(-2 + 0). Let b be d(l). What is the units digit of (-4)/b - (-2 + 1 + -116)?
3
Let f = -94 - -100. Let a(r) = -2*r**2 + 25*r - 10. What is the units digit of a(f)?
8
Suppose 17*f + 11 = -2*a + 16*f, -4*f - 14 = 2*a. What is the hundreds digit of a + 8 - (-9)/((-18)/(-836))?
4
Let n(y) = -313*y + 3182. What is the hundreds digit of n(-29)?
2
Let u(k) = -k**3 + 7*k**2 + 30*k + 3. Let i be u(10). Suppose 0 = -5*o + i*z + 998, 148 = 2*o - 4*z - 240. What is the units digit of o?
2
Let z(r) = -7379*r + 234. What is the units digit of z(-3)?
1
Suppose -93*s + 855689 + 261536 = 177646. What is the hundreds digit of s?
1
Let a be (-2)/11 + 16/88 - -2. Let d be a/(2*2/14). What is the units digit of (24/(-10))/(d/(-280))?
6
Suppose 10*p - 29 + 9 = 0. Suppose -8*v + v = -p*v. Suppose 3*h - 169 - 557 = v. What is the tens digit of h?
4
Let o = 73 + -71. Suppose o*v - 1 = 7. Suppose v*r - 346 = -2*g, -r + 2*r = g + 88. What is the tens digit of r?
8
Suppose -i + 4503 = l - 4866, 0 = 5*l + 10. What is the hundreds digit of i?
3
What is the tens digit of 2/(-6) + 4060870/435?
3
Suppose -109*c - 11630 + 37245 = 0. What is the hundreds digit of c?
2
Let d = 19471 - 12672. What is the thousands digit of d?
6
Suppose -2*c = -7*o - 130489, -9*c + 261055 = -5*c - 3*o. What is the tens digit of c?
6
Let g = 37 + -33. Suppose -c + 7 - g = 0. Suppose 0 = -2*u - 2*u + c*t + 472, 5*t - 472 = -4*u. What is the tens digit of u?
1
Let w(h) = -125*h + 102. What is the units digit of w(-28)?
2
Suppose -5*r + u = 6*u + 15, -r - 6 = -2*u. What is the tens digit of -3*((-4)/r + (-2 - 120))?
6
Let a(b) be the first derivative of b**6/40 - b**4/24 - 5*b**3/6 + 9*b**2 - 24. Let w(l) be the second derivative of a(l). What is the tens digit of w(3)?
7
Let p(f) = -16*f**3 - 2*f**2 - f - 3. Let a be p(-2). Let m = 283 - a. What is the units digit of m/5 + 36/(-45)?
2
What is the units digit of (-5)/7 - 41/(2870/20) - -43789?
8
Suppose 0 = -166*b + 225*b - 45017. What is the tens digit of b?
6
Suppose 2*m = 4, 2156 = 4*d - 4*m - 1616. Suppose -6*f + 933 = -d. What is the hundreds digit of f?
3
What is the thousands digit of (-8)/10*-13657*(143/22 + -4)?
7
What is the thousands digit of -9 + (-11 - 1274/(-65)) - (-19664)/10?
1
Let w(b) = b**2 - 7*b - 8. Let z be w(6). Let v(m) = m**3 - 34*m**2 + 69*m - 212. Let o be v(32). What is the tens digit of z/(o/24 - -2)?
8
Let i be 84/(-9)*(-8826)/8 - 4. Suppose 14*s - i = -2649. What is the hundreds digit of s?
5
What is the units digit of 165464/23 + 14/(-161)?
4
Let w(n) = 7*n**2 - 8*n - 8. Let l(j) = -2*j**2 + 2*j - 1. Let p be l(0). Let x be ((-3 + (-2)/1)/p)/1. What is the units digit of w(x)?
7
Let z(p) = -5*p + 93. Let s be z(18). Suppose 5*o + s*v - 1609 = 0, -5*o + v = -2*v - 1591. What is the units digit of o?
0
Let d be ((-21)/(-9) + -3)*268*-15. Let z = 54 + -48. What is the units digit of 8 + d/15 - (-8)/z?
8
Let v = -206 - -209. Suppose -2979 = -11*f + 8*f + x, -2*f + 1986 = v*x. What is the tens digit of f?
9
Let t = 3754 - 1533. Suppose -4*v - 129 = -t. What is the hundreds digit of v?
5
Let i be ((-2)/2 - -1)/(1 + 1). Suppose i = 90*r - 89*r - 2. Suppose 0 = -r*n + 2*b + 36, -3*n = -b - 19 - 41. What is the units digit of n?
1
Let y(l) = -9*l + 0*l + 110*l**2 - 7 + 4*l - 3*l. What is the hundreds digit of y(-2)?
4
Let x be ((-15)/35)/((-1)/7). Suppose 336 = 2*g + x*a, -58 = -4*g - 2*a + 630. What is the tens digit of g?
7
Let j(s) = 26*s + 296. Let w be j(-11). Suppose w*l - 38*l = -27636. What is the tens digit of l?
8
Let f(o) = -11*o**2 + 2*o + 9. Let c be f(-3). Let s = c - -101. Suppose -s*n - 4*l + 615 = 0, 0 = 4*l + l. What is the hundreds digit of n?
1
Let r = -33 + 407. Suppose -44*d - r = -45*d. What is the hundreds digit of d?
3
Let u be (4 - 2/2)/((-5)/(-25)). Suppose 0 = -f + u + 20. What is the units digit of f?
5
Let c be 7/2 + (-9)/18. Suppose -c*t + 5*t = 154. Let g = t + 13. What is the tens digit of g?
9
Let m be 6/4*4/3. Let p(a) be the second derivative of 21*a**3 - 12*a**2 - 5908*a. What is the tens digit of p(m)?
2
Let c(o) be the second derivative of o**3 - 863*o**2 + 862*o**2 - 2*o**3 + 9*o. What is the units digit of c(-2)?
0
Let g be (2 - 0)/(5/(-355)). Let n = g - -135. Let s(k) = -25*k - 23. What is the units digit of s(n)?
2
Let y be 12/54 + (3 - 118472/(-18)). Suppose 9*i - y = -6*i. What is the hundreds digit of i?
4
Let o = 564 + 2925. What is the tens digit of o?
8
Suppose 163 = 5*s + 83. Let v(f) = 14*f + 63. What is the hundreds digit of v(s)?
2
Let j(d) = 9*d**2 - 15*d + 97. Let p(w) = -w**2 - w. Let s(b) = j(b) - p(b). What is the tens digit of s(8)?
2
Suppose -35*d = -38601 - 196319. What is the hundreds digit of d?
7
Suppose 3*l + 4*j = 4068, 3*j + 979 + 1750 = 2*l. Suppose -l = -8*z + 144. What is the hundreds digit of z?
1
Suppose -10*h = -8*h + 3*x - 6232, 4*x + 3127 = h. What is the units digit of h?
9
Let n(b) = b**3 - 18*b**2 + 6*b + 345. What is the tens digit of n(24)?
4
Let i = -327 - -550. Suppose 28*m - 185 = 3*h + 23*m, 3*h + 3*m = -225. Let g = i + h. What is the tens digit of g?
5
Let j be (-3)/(3/2) - -62. Let w be (-15)/60 - (0 - (-398)/8). Let s = w + j. What is the units digit of s?
0
Let c(g) = -128*g - 37. Let i be c(5). Let l = 1269 + i. What is the tens digit of l?
9
Let i = -169 - -168. What is the tens digit of 740*i/(-2) - -1?
7
Suppose -2*o - n + 15 = 0, -5*o + 5*n + 9 + 6 = 0. Suppose -35*t + 20*t - 29*t + 352 = 0. Suppose -o*z = -t*z + 382. What is the units digit of z?
1
Let n = -213 - -218. Suppose n*y + 1037 = 10137. What is the tens digit of y?
2
Suppose o - 4*z + 2*z + 149 = 0, 2*o + 304 = 2*z. Let f = 263 + o. What is the tens digit of f?
0
Let m = -6482 - -13165. What is the units digit of m?
3
Let q(o) = -2*o + 6. Let p be q(-7). Let c be 12/18 - (p/(-6) - 0). Suppose u - 28 = -2*w, u - 172 = -c*u - 2*w. What is the units digit of u?
6
Suppose 2*c = -4*k - 12, 5 = -3*c - 2*k + 7. Suppose -5*z + 1538 = -c*p, 5*z + 2*p - 1539 = 17. What is the hundreds digit of z?
3
Suppose 0 = -z + 2*x + 3, -2*x + 4*x + 12 = 4*z. Suppose 3*l + 2*l = -z*m - 790, 0 = -m - 5. Let h = -76 - l. What is the units digit of h?
9
Let w = 244 - 42. Let u = w + 142. What is the hundreds digit of u?
3
Let y be (-1)/(((-2)/169)/2). Let g(u) = 5*u + 88. Let o be g(-27). Let d = y + o. What is the hundreds digit of d?
1
Suppose 66*o - 3882 = -i + 68*o, -2*i + 7710 = 5*o. What is the hundreds digit of i?
8
Suppose -2*z + 2*o = -15 - 7, z - 4*o = 20. Let m(r) = -37*r + 32. Let t be m(-4). What is the hundreds digit of (-20)/(z/2 - 738/t)?
2
Let j be (-3)/((-3)/118) - (1 + -4). Let a = 47 - j. Let l = a - -158. What is the tens digit of l?
8
Let t(s) = 10*s**2 - 14*s + 512. What is the thousands digit of t(33)?
0
What is the hundreds digit of (-4834)/(-2) + 1620/(-162)?
4
Let r(q) = 8*q + 28. Let w(i) = -16*i - 58. Let n(d) = -5*r(d) - 3*w(d). What is the tens digit of n(0)?
3
Let u(j) = 12*j**2 - 144*j + 4. What is the tens digit of u(-6)?
0
Let j(p) = -p**2 - 236*p + 18014. What is the ten thousands digit of j(0)?
1
Let l b